{"nbFiches":1,"dataPrest":{"infoPrest":{"pave1":{"libelle":"Slogan","contenu":""},"pave2":{"libelle":"Descriptif","contenu":"Louis Pommeraye, le fondateur du c&eacute;l&egrave;bre passage &eacute;ponyme, est n&eacute; &agrave; Saint-P&egrave;re-en-Retz le 8 ao&ucirc;t 1806.\u003Cbr \/\u003E\r\n\u003Cbr \/\u003E\r\nEn 1993, &agrave; l&rsquo;occasion du 150&egrave;me anniversaire du passage, la commune d&eacute;cide de consacrer un square &agrave; la m&eacute;moire de son illustre repr&eacute;sentant.&nbsp; En 2023, 3 jeunes artistes,&nbsp;Jules, Eden et &Eacute;tienne des Beaux-Arts de Nantes, imaginent un arbre en m&eacute;tal qui cache dans son feuillage des &eacute;l&eacute;ments du passage Pommeraye.\u003Cbr \/\u003E\r\n\u003Cbr \/\u003E\r\nPourquoi un arbre ? Selon la l&eacute;gende locale, un pin parasol aurait &eacute;t&eacute; plant&eacute; &agrave; la Tiedenais il y a plus de 200 ans par la famille Pommeraye &agrave; l&rsquo;occasion de la naissance de Louis.\u003Cbr \/\u003E\r\n\u003Cbr \/\u003E\r\nLa seconde &oelig;uvre repr&eacute;sente une fa&ccedil;ade de commerce, telle que l&rsquo;on peut en trouver dans le passage pommeraye. Elle rappelle dans cet endroit m&ecirc;me, l&rsquo;existence d&rsquo;un commerce d&rsquo;antan, ainsi que l&rsquo;architecture du c&eacute;l&egrave;bre passage nantais.\u003Cbr \/\u003E\r\n\u003Cbr \/\u003E\r\n\u003Cbr \/\u003E\r\n\u003Cem\u003ELe Pin bicentenaire de la Tiedenais est malheureusement tomb&eacute; lors de la temp&ecirc;te G&eacute;rard en janvier 2023, il n&rsquo;est donc plus possible de le voir. \u003C\/em\u003E"},"pave3":{"libelle":"","contenu":""},"pave4":{"libelle":"","contenu":""},"pave5":{"libelle":"","contenu":""},"pave6":{"libelle":"","contenu":""},"pave7":{"libelle":"","contenu":""},"pave8":{"libelle":"","contenu":""},"pave9":{"libelle":"","contenu":""},"pave10":{"libelle":"","contenu":""},"pave11":{"libelle":"","contenu":""},"pave12":{"libelle":"","contenu":""},"pave13":{"libelle":"","contenu":""},"pave14":{"libelle":"","contenu":""},"pave15":{"libelle":"","contenu":""},"pave16":{"libelle":"","contenu":""},"pave17":{"libelle":"","contenu":""},"pave18":{"libelle":"","contenu":""},"pave19":{"libelle":"","contenu":""},"pave20":{"libelle":"","contenu":""},"pave21":{"libelle":"","contenu":""},"pave22":{"libelle":"","contenu":""},"pave23":{"libelle":"","contenu":""},"pave24":{"libelle":"","contenu":""},"pave25":{"libelle":"","contenu":""},"Libelle":"Square Pommeraye","Nom":"Square Pommeraye","Prenom":"","NomPrenom":"Square Pommeraye ","CiviliteNomPrenom":"Square Pommeraye ","Cle":"U|SQUAREPOMMERAYE","PrestataireParent":"","ContexteStat":"PRESTATAIRE-U-SQUAREPOMMERAYE","DateModificationIso":"2025-11-22T12:22:00+01:00","Type":"PRESTATAIRE","TypePrestataire":"U","Adresse":{"LigneAdresse1":"Square Pommeraye","LigneAdresse2":"","LigneAdresse3":"","CodePostal":"44320","Ville":"ST PERE EN RETZ","Cedex":"","Etat":"","Pays":"FRA"},"Email":"","Telephone":"","TelephoneBureau":"","Portable":"","SiteWeb":"","Fax":"","Id":"u-squarepommeraye","Code":"U|SQUAREPOMMERAYE","Fichier":{"Image":[{"url":"https:\/\/www.saint-brevin.com\/medias\/images\/prestataires\/dsc01289-web-8787-10862.jpg","chemin":"..\/medias\/images\/prestataires\/dsc01289-web-8787-10862.jpg","libelle":"dsc01289-web-8787","extension":"jpg","categorie":"","largeur":1500,"theme":"","hauteur":1001,"type":"Image","origine":"","liaisonPave":"","langue":"","id":"10862","urlVignette":"https:\/\/www.saint-brevin.com\/medias\/images\/prestataires\/v-dsc01289-web-8787-10862.jpg","alt":"dsc01289-web-8787","title":"dsc01289-web-8787","MultiTaille":{"1920x1440":{"url":"https:\/\/www.saint-brevin.com\/medias\/images\/prestataires\/multitailles\/1920x1440_dsc01289-web-8787-10862.jpg"},"1200x900":{"url":"https:\/\/www.saint-brevin.com\/medias\/images\/prestataires\/multitailles\/1200x900_dsc01289-web-8787-10862.jpg"},"800x600":{"url":"https:\/\/www.saint-brevin.com\/medias\/images\/prestataires\/multitailles\/800x600_dsc01289-web-8787-10862.jpg"},"640x480":{"url":"https:\/\/www.saint-brevin.com\/medias\/images\/prestataires\/multitailles\/640x480_dsc01289-web-8787-10862.jpg"},"320x240":{"url":"https:\/\/www.saint-brevin.com\/medias\/images\/prestataires\/multitailles\/320x240_dsc01289-web-8787-10862.jpg"},"160x120":{"url":"https:\/\/www.saint-brevin.com\/medias\/images\/prestataires\/multitailles\/160x120_dsc01289-web-8787-10862.jpg"},"origine":{"url":"https:\/\/www.saint-brevin.com\/medias\/images\/prestataires\/dsc01289-web-8787-10862.jpg"}},"urlLien":"","typeLien":"","nofollow":"N","copyright":""}],"ByCategorie":{"":[{"url":"https:\/\/www.saint-brevin.com\/medias\/images\/prestataires\/dsc01289-web-8787-10862.jpg","chemin":"..\/medias\/images\/prestataires\/dsc01289-web-8787-10862.jpg","libelle":"dsc01289-web-8787","extension":"jpg","categorie":"","largeur":1500,"theme":"","hauteur":1001,"type":"Image","origine":"","liaisonPave":"","langue":"","id":"10862","urlVignette":"https:\/\/www.saint-brevin.com\/medias\/images\/prestataires\/v-dsc01289-web-8787-10862.jpg","alt":"dsc01289-web-8787","title":"dsc01289-web-8787","MultiTaille":{"1920x1440":{"url":"https:\/\/www.saint-brevin.com\/medias\/images\/prestataires\/multitailles\/1920x1440_dsc01289-web-8787-10862.jpg"},"1200x900":{"url":"https:\/\/www.saint-brevin.com\/medias\/images\/prestataires\/multitailles\/1200x900_dsc01289-web-8787-10862.jpg"},"800x600":{"url":"https:\/\/www.saint-brevin.com\/medias\/images\/prestataires\/multitailles\/800x600_dsc01289-web-8787-10862.jpg"},"640x480":{"url":"https:\/\/www.saint-brevin.com\/medias\/images\/prestataires\/multitailles\/640x480_dsc01289-web-8787-10862.jpg"},"320x240":{"url":"https:\/\/www.saint-brevin.com\/medias\/images\/prestataires\/multitailles\/320x240_dsc01289-web-8787-10862.jpg"},"160x120":{"url":"https:\/\/www.saint-brevin.com\/medias\/images\/prestataires\/multitailles\/160x120_dsc01289-web-8787-10862.jpg"},"origine":{"url":"https:\/\/www.saint-brevin.com\/medias\/images\/prestataires\/dsc01289-web-8787-10862.jpg"}},"urlLien":"","typeLien":"","nofollow":"N","copyright":""}]}},"Url":"square-pommeraye-1.html","Localisation":{"GoogleMap":{"Latitude":"47.20703","Longitude":"-2.04479"}},"ZoneGeo":"","Criteres":{"NIVPARTENAIRE[COMPLET":"","COMMUNES[SAINTPEREENRETZ":"","UTYPC[ART":""},"DateFinPublication":"","PrixAPartirDe":"","PrixPour":"","FicheListeEnCours":"fiche_liste_patrimoine_culturel_v2017","ParametresModele":{"AfficherPhotos":"1","NbPhotosMax":6,"AfficherReserver":0,"AfficherContact":0,"AfficherSalle":1,"AfficherZoneGeo":0,"AfficherEnSavoirPlus":"1","AfficherUneSeuleOuverture":0,"AfficherContactCarte":1,"AfficherTarifsChaudAPartirDe":0,"AfficherTarifChaudSansRecherche":0,"AfficherLiensCarnetVoyage":"1","AfficherOuverture":"0","BlocCritereInfo":{"critere1":{"libelle":""},"critere2":{"libelle":""},"critere3":{"libelle":"LIBELLE_GENERAL"},"critere4":{"libelle":""},"critere5":{"libelle":""},"critere6":{"libelle":""},"critere7":{"libelle":"","liste_critere":["COMMUNES|U"]},"critere8":{"libelle":""},"afficherpictoetpaslibelle":"1"},"Criteres":"NIVPARTENAIRE[COMPLET","PositionBloc":"GALLERIE|NOM|CARNET_VOYAGE|URL","TypePrestataire":"U","ComportementResa":false,"ComportementDispo":false},"AffichageCoordonnees":[],"Coordonnees":{"Ville":"ST PERE EN RETZ"},"ContexteId":"PRESTATAIRE|U|SQUAREPOMMERAYE","ContexteIdHtml":"PRESTATAIRE-U-SQUAREPOMMERAYE","cleContexte":"U|SQUAREPOMMERAYE","Bloc":{"texte1":"","texte3":"","critere1":{"libelle":"","contenu":[]},"critere2":{"libelle":"","contenu":[]},"critere3":{"libelle":"","contenu":[]},"critere4":{"libelle":"","contenu":[]},"critere5":{"libelle":"","contenu":[]},"critere6":{"libelle":"","contenu":[]},"critere7":{"libelle":"","contenu":{"COMMUNES":{"libelle":"COMMUNE","contenu":{"5":"Saint-P\u00e8re en Retz"},"codesValeurs":{"5":"COMMUNES|SAINTPEREENRETZ|U"},"criteres_datas":{"valeurs":{"5":{"SAINTPEREENRETZ":{"descriptif":""}}}}}}},"critere8":{"libelle":"","contenu":[]},"critere9":{"libelle":"","contenu":[]}},"LocalisationGps":{"Latitude":"47.20703","Longitude":"-2.04479"},"libelleDuPrestataire":"","listeCriteres":{"NIVPARTENAIRE":{"COMPLET":""},"COMMUNES":{"SAINTPEREENRETZ":""},"UTYPC":{"ART":""}},"dansCarnetVoyage":true,"Ouverture":""},"html":" \n \u003Cdiv id=\"CV-PRESTATAIRE-U-SQUAREPOMMERAYE\" data-contexte-id=\"PRESTATAIRE|U|SQUAREPOMMERAYE\" data-cle=\"U|SQUAREPOMMERAYE\" class=\"fiche-liste\"\u003E\n    \n\n    \u003C!-- partie photo --\u003E\n    \u003Cdiv class=\"photo\"\u003E\t\t\t\t\t\t\t\t\t\t\t\t\t\t\t\t\t\t\t\t\t\n        \u003Cdiv class=\"cadre_photo_principale\"\u003E\t\t\n        \n            \t\t\t\t\t\n                    \u003Ca href=\"square-pommeraye-1.html?origine=carnet#media\"\u003E\n                        \u003Cimg class=\"photo_principale\" alt=\"dsc01289-web-8787\" src=\"https:\/\/www.saint-brevin.com\/medias\/images\/prestataires\/multitailles\/320x240_dsc01289-web-8787-10862.jpg\" itemprop=\"image\"\u003E\n                    \u003C\/a\u003E\t\t\t\t\t\t\n                \n                    \u003C\/div\u003E\t\t\t\t\t\t\t\t\t\t\t\t\t\t\t\t\t\t\t \t\t\n    \u003C\/div\u003E\n    \n    \u003C!-- partie nom prest --\u003E\n    \u003Cdiv class=\"nom\"\u003E\n        \u003Ch2\u003ESquare Pommeraye\u003C\/h2\u003E\n        \n            \u003C\/div\u003E\n\n         \n    \u003C!-- partie adresse --\u003E\n    \u003Cdiv class=\"adresse\"\u003E\n    \n          \n    \u003C\/div\u003E\n    \n    \u003C!-- partie liens --\u003E\n    \u003Cdiv class=\"liens\"\u003E\n            \u003Ca class=\"btn-icon btn-view \" title=\"Voir la fiche d\u00e9taill\u00e9e\" href=\"square-pommeraye-1.html?origine=carnet\"\u003E\u003C\/a\u003E\u003C!--\u003Ca class=\"btn-icon btn-view \" title=\"\" href=\"?origine=carnet#thaut\"\u003E\u003C\/a\u003E--\u003E\n      \u003Ca class=\"btn-icon btn-trash carnet_voyage_supprimer\" title=\"Supprimer cette fiche de mon carnet de voyage\" href=\"carnet-voyage?action=remove&fiche=U|SQUAREPOMMERAYE\"\u003E\u003C\/a\u003E\n    \u003C\/div\u003E\n\n\u003C\/div\u003E\n\n","icon":"https:\/\/static.ingenie.fr\/images\/carnetVoyageV3\/U.png"},"fiche":"U|SQUAREPOMMERAYE","popup":"\u003Cdiv id=\"bloc_popup_ajout_fiche_carnet\"\u003E\n    \u003Cdiv class=\"info_popup_ajout_fiche_carnet\"\u003E\n        Vous venez d'ajouter cet \u00e9l\u00e9ment \u00e0 votre carnet de voyage :    \u003C\/div\u003E\n    \u003Cdiv class=\"prest_popup_ajout_fiche_carnet\"\u003E\n        Square Pommeraye    \u003C\/div\u003E\n    \u003Cdiv class=\"bloc_btn_ajout_fiche_carnet form_submit_div\"\u003E\n        \u003Cinput type=\"button\" value=\"Continuer ma s\u00e9lection\" title=\"Continuer ma s\u00e9lection\" name=\"btn_close\" class=\"btn_close_popup_carnet form_submit\" onclick=\"$.colorbox.close()\" \/\u003E\n        \u003Cinput type=\"button\" value=\"Voir mon carnet de voyage\" title=\"Voir mon carnet\" name=\"btn_panier\" class=\"btn_panier_popup_carnet form_submit\" onclick=\"if(typeof CarnetVoyage != 'undefined') {CarnetVoyage.voirCarnet();}\" \/\u003E\n    \u003C\/div\u003E\n    \u003Cdiv class=\"bloc_btn_ajout_fiche_carnet\"\u003E\n        \u003Cinput type=\"checkbox\" value=\"1\" name=\"desactiver_popup\" id=\"desactiver_popup\" \/\u003E\n        \u003Clabel for=\"desactiver_popup\"\u003ENe plus afficher ce message\u003C\/label\u003E\n    \u003C\/div\u003E\n\u003C\/div\u003E","success":1}

Saint-Père en Retz

<div id="CV-PRESTATAIRE-U-SQUAREPOMMERAYE" data-contexte-id="PRESTATAIRE|U|SQUAREPOMMERAYE" data-cle="U|SQUAREPOMMERAYE" class="fiche-liste">
    

    <!-- partie photo -->
    <div class="photo">																					
        <div class="cadre_photo_principale">		
        
            					
                    <a href="square-pommeraye-1.html?origine=carnet#media">
                        <img class="photo_principale" alt="dsc01289-web-8787" src="https://www.saint-brevin.com/medias/images/prestataires/multitailles/320x240_dsc01289-web-8787-10862.jpg" itemprop="image">
                    </a>						
                
                    </div>																			 		
    </div>
    
    <!-- partie nom prest -->
    <div class="nom">
        <h2>Square Pommeraye</h2>
        
            </div>

         
    <!-- partie adresse -->
    <div class="adresse">
    
          
    </div>
    
    <!-- partie liens -->
    <div class="liens">
            <a class="btn-icon btn-view " title="Voir la fiche détaillée" href="square-pommeraye-1.html?origine=carnet"></a><!--<a class="btn-icon btn-view " title="" href="?origine=carnet#thaut"></a>-->
      <a class="btn-icon btn-trash carnet_voyage_supprimer" title="Supprimer cette fiche de mon carnet de voyage" href="carnet-voyage?action=remove&fiche=U|SQUAREPOMMERAYE"></a>
    </div>

</div>

<div id="bloc_popup_ajout_fiche_carnet">
    <div class="info_popup_ajout_fiche_carnet">
        Vous venez d'ajouter cet élément à votre carnet de voyage :    </div>
    <div class="prest_popup_ajout_fiche_carnet">
        Square Pommeraye    </div>
    <div class="bloc_btn_ajout_fiche_carnet form_submit_div">
        <input type="button" value="Continuer ma sélection" title="Continuer ma sélection" name="btn_close" class="btn_close_popup_carnet form_submit" onclick="$.colorbox.close()" />
        <input type="button" value="Voir mon carnet de voyage" title="Voir mon carnet" name="btn_panier" class="btn_panier_popup_carnet form_submit" onclick="if(typeof CarnetVoyage != 'undefined') {CarnetVoyage.voirCarnet();}" />
    </div>
    <div class="bloc_btn_ajout_fiche_carnet">
        <input type="checkbox" value="1" name="desactiver_popup" id="desactiver_popup" />
        <label for="desactiver_popup">Ne plus afficher ce message</label>
    </div>
</div>
