{"nbFiches":1,"dataPrest":{"infoPrest":{"pave1":{"libelle":"Slogan","contenu":"Temple protestant du XX&egrave;me si&egrave;cle, situ&eacute; dans le quartier de l&#39;Oc&eacute;an."},"pave2":{"libelle":"Descriptif","contenu":"Cet &eacute;difice rectangulaire, &agrave; chevet plat, a &eacute;t&eacute; inaugur&eacute; en 1935. Il n&#39;a pas de clocher. La nef unique est &eacute;clair&eacute;e par trois fen&ecirc;tres en ogive de chaque cot&eacute;. Un petit porche se trouve en avanc&eacute;e sur la fa&ccedil;ade.\u003Cbr \/\u003E\r\n\u003Cbr \/\u003E\r\nCulte : dimanche &agrave; 18h en juillet et ao&ucirc;t. Hors saison : voir site internet."},"pave3":{"libelle":"","contenu":""},"pave4":{"libelle":"","contenu":""},"pave5":{"libelle":"","contenu":""},"pave6":{"libelle":"","contenu":""},"pave7":{"libelle":"","contenu":""},"pave8":{"libelle":"","contenu":""},"pave9":{"libelle":"","contenu":""},"pave10":{"libelle":"","contenu":""},"pave11":{"libelle":"","contenu":""},"pave12":{"libelle":"","contenu":""},"pave13":{"libelle":"","contenu":""},"pave14":{"libelle":"","contenu":""},"pave15":{"libelle":"","contenu":""},"pave16":{"libelle":"","contenu":""},"pave17":{"libelle":"","contenu":""},"pave18":{"libelle":"","contenu":""},"pave19":{"libelle":"","contenu":""},"pave20":{"libelle":"","contenu":""},"pave21":{"libelle":"","contenu":""},"pave22":{"libelle":"","contenu":""},"pave23":{"libelle":"","contenu":""},"pave24":{"libelle":"","contenu":""},"pave25":{"libelle":"","contenu":""},"ContactsParType":{"LIEU":{"364":{"id_contact":"364","type_contact":"LIEU","categorie_contact":"PRESTATAIRE","societe_contact":"","fonction_contact":"","civilite_nom_prenom_contact":"","adresse1_contact":"22 All\u00e9e du Temple","adresse2_contact":"","adresse3_contact":"","cpostal_contact":"44250","ville_contact":"ST BREVIN LES PINS","teldom_contact":"","telbur_contact":"","fax_contact":"","portable_contact":"06 13 74 62 47","email_contact":"contact-saint-brevin@protestants-reformes-labaule.org","siteweb_contact":"egliseprotestanteunie44littoral.blogspot.fr\/","commentaire_contact":"","langue_contact":"","autre_moyen_com":[]}}},"Libelle":"Temple protestant","Nom":"Temple protestant","Prenom":"","NomPrenom":"Temple protestant ","CiviliteNomPrenom":"Temple protestant ","Cle":"U|PCUPDL044V504152","PrestataireParent":"","ContexteStat":"PRESTATAIRE-U-PCUPDL044V504152","DateModificationIso":"2025-11-21T11:41:00+01:00","Type":"PRESTATAIRE","TypePrestataire":"U","Adresse":{"LigneAdresse1":"22 All\u00e9e du Temple","LigneAdresse2":"","LigneAdresse3":"","CodePostal":"44250","Ville":"ST BREVIN LES PINS","Cedex":"","Etat":"","Pays":"FRA"},"Email":"contact-saint-brevin@protestants-reformes-labaule.org","Telephone":"","TelephoneBureau":"","Portable":"","SiteWeb":"https:\/\/egliseprotestanteunie44littoral.blogspot.fr\/","Fax":"","Id":"u-pcupdl044v504152","Code":"U|PCUPDL044V504152","Fichier":{"Image":[{"url":"https:\/\/www.saint-brevin.com\/medias\/images\/prestataires\/temple-saint-brevin-1040.jpg","chemin":"..\/medias\/images\/prestataires\/temple-saint-brevin-1040.jpg","libelle":"temple-saint-brevin","extension":"jpg","categorie":"","largeur":1296,"theme":"","hauteur":864,"type":"Image","origine":"","liaisonPave":"","langue":"","id":"1040","urlVignette":"https:\/\/www.saint-brevin.com\/medias\/images\/prestataires\/v-temple-saint-brevin-1040.jpg","alt":"temple-saint-brevin","title":"temple-saint-brevin - &copy Ot-St-Brevin","MultiTaille":{"1920x1440":{"url":"https:\/\/www.saint-brevin.com\/medias\/images\/prestataires\/multitailles\/1920x1440_temple-saint-brevin-1040.jpg"},"1200x900":{"url":"https:\/\/www.saint-brevin.com\/medias\/images\/prestataires\/multitailles\/1200x900_temple-saint-brevin-1040.jpg"},"800x600":{"url":"https:\/\/www.saint-brevin.com\/medias\/images\/prestataires\/multitailles\/800x600_temple-saint-brevin-1040.jpg"},"640x480":{"url":"https:\/\/www.saint-brevin.com\/medias\/images\/prestataires\/multitailles\/640x480_temple-saint-brevin-1040.jpg"},"320x240":{"url":"https:\/\/www.saint-brevin.com\/medias\/images\/prestataires\/multitailles\/320x240_temple-saint-brevin-1040.jpg"},"160x120":{"url":"https:\/\/www.saint-brevin.com\/medias\/images\/prestataires\/multitailles\/160x120_temple-saint-brevin-1040.jpg"},"origine":{"url":"https:\/\/www.saint-brevin.com\/medias\/images\/prestataires\/temple-saint-brevin-1040.jpg"}},"urlLien":"","typeLien":"|","nofollow":"N","copyright":"Ot-St-Brevin"}],"ByCategorie":{"":[{"url":"https:\/\/www.saint-brevin.com\/medias\/images\/prestataires\/temple-saint-brevin-1040.jpg","chemin":"..\/medias\/images\/prestataires\/temple-saint-brevin-1040.jpg","libelle":"temple-saint-brevin","extension":"jpg","categorie":"","largeur":1296,"theme":"","hauteur":864,"type":"Image","origine":"","liaisonPave":"","langue":"","id":"1040","urlVignette":"https:\/\/www.saint-brevin.com\/medias\/images\/prestataires\/v-temple-saint-brevin-1040.jpg","alt":"temple-saint-brevin","title":"temple-saint-brevin - &copy Ot-St-Brevin","MultiTaille":{"1920x1440":{"url":"https:\/\/www.saint-brevin.com\/medias\/images\/prestataires\/multitailles\/1920x1440_temple-saint-brevin-1040.jpg"},"1200x900":{"url":"https:\/\/www.saint-brevin.com\/medias\/images\/prestataires\/multitailles\/1200x900_temple-saint-brevin-1040.jpg"},"800x600":{"url":"https:\/\/www.saint-brevin.com\/medias\/images\/prestataires\/multitailles\/800x600_temple-saint-brevin-1040.jpg"},"640x480":{"url":"https:\/\/www.saint-brevin.com\/medias\/images\/prestataires\/multitailles\/640x480_temple-saint-brevin-1040.jpg"},"320x240":{"url":"https:\/\/www.saint-brevin.com\/medias\/images\/prestataires\/multitailles\/320x240_temple-saint-brevin-1040.jpg"},"160x120":{"url":"https:\/\/www.saint-brevin.com\/medias\/images\/prestataires\/multitailles\/160x120_temple-saint-brevin-1040.jpg"},"origine":{"url":"https:\/\/www.saint-brevin.com\/medias\/images\/prestataires\/temple-saint-brevin-1040.jpg"}},"urlLien":"","typeLien":"|","nofollow":"N","copyright":"Ot-St-Brevin"}]}},"Url":"temple-protestant.html","Localisation":{"GoogleMap":{"Latitude":"47.23210","Longitude":"-2.17294"}},"ZoneGeo":"","Criteres":{"NIVPARTENAIRE[COMPLET":"","COMMUNES[SAINTBREVIN":"","AUTOURL[STBREVINSE":"","QUARTIER[OCEAN":"","DISTANCEDELAGARE[KMGARESAINTBAZAIRE":"15","DISTANCEDELAGARE[KMGAREPORNIC":"16","DISTANCEDUBUS[MARRETBREVIBUS":"100","DISTANCEDUBUS[MPOLEBRESSE":"2000","DISTANCEDUBUS[MPOLEBRESSE16":"2000","DISTANCEDUBUS[MPOLEBRESSE17":"2000","DISTANCEDUBUS[MARRET1OCEAN":"500","DISTANCEDUCENTRE[MCENTREBREVINOCEAN":"300","DISTANCEMER[MDELAMER":"500","UTYPC[PATRIRELIGIEUX":"","UPERSI[UXX":"","UDPR[AUTRESMONRELIG":"","INSPUBMAJ[GRATUITPRECISER":"","MAJINGENIE[DATEDERNIEREMAJ":"20171117","MISEAJOUR[MAELLE":""},"DateFinPublication":"","PrixAPartirDe":"","PrixPour":"","FicheListeEnCours":"fiche_liste_patrimoine_culturel_v2017","ParametresModele":{"AfficherPhotos":"1","NbPhotosMax":6,"AfficherReserver":0,"AfficherContact":0,"AfficherSalle":1,"AfficherZoneGeo":0,"AfficherEnSavoirPlus":"1","AfficherUneSeuleOuverture":0,"AfficherContactCarte":1,"AfficherTarifsChaudAPartirDe":0,"AfficherTarifChaudSansRecherche":0,"AfficherLiensCarnetVoyage":"1","AfficherOuverture":"0","BlocCritereInfo":{"critere1":{"libelle":""},"critere2":{"libelle":""},"critere3":{"libelle":"LIBELLE_GENERAL"},"critere4":{"libelle":""},"critere5":{"libelle":""},"critere6":{"libelle":""},"critere7":{"libelle":"","liste_critere":["COMMUNES|U"]},"critere8":{"libelle":""},"afficherpictoetpaslibelle":"1"},"Criteres":"NIVPARTENAIRE[COMPLET","PositionBloc":"GALLERIE|NOM|CARNET_VOYAGE|URL","TypePrestataire":"U","ComportementResa":false,"ComportementDispo":false},"AffichageCoordonnees":[],"Coordonnees":{"Ville":"ST BREVIN LES PINS"},"ContexteId":"PRESTATAIRE|U|PCUPDL044V504152","ContexteIdHtml":"PRESTATAIRE-U-PCUPDL044V504152","cleContexte":"U|PCUPDL044V504152","Bloc":{"texte1":"","texte3":"","critere1":{"libelle":"","contenu":[]},"critere2":{"libelle":"","contenu":[]},"critere3":{"libelle":"","contenu":[]},"critere4":{"libelle":"","contenu":[]},"critere5":{"libelle":"","contenu":[]},"critere6":{"libelle":"","contenu":[]},"critere7":{"libelle":"","contenu":{"COMMUNES":{"libelle":"COMMUNE","contenu":{"1":"Saint-Brevin"},"codesValeurs":{"1":"COMMUNES|SAINTBREVIN|U"},"criteres_datas":{"valeurs":{"1":{"SAINTBREVIN":{"descriptif":""}}}}}}},"critere8":{"libelle":"","contenu":[]},"critere9":{"libelle":"","contenu":[]}},"LocalisationGps":{"Latitude":"47.23210","Longitude":"-2.17294"},"libelleDuPrestataire":"","listeCriteres":{"NIVPARTENAIRE":{"COMPLET":""},"COMMUNES":{"SAINTBREVIN":""},"AUTOURL":{"STBREVINSE":""},"QUARTIER":{"OCEAN":""},"DISTANCEDELAGARE":{"KMGARESAINTBAZAIRE":"15","KMGAREPORNIC":"16"},"DISTANCEDUBUS":{"MARRETBREVIBUS":"100","MPOLEBRESSE":"2000","MPOLEBRESSE16":"2000","MPOLEBRESSE17":"2000","MARRET1OCEAN":"500"},"DISTANCEDUCENTRE":{"MCENTREBREVINOCEAN":"300"},"DISTANCEMER":{"MDELAMER":"500"},"UTYPC":{"PATRIRELIGIEUX":""},"UPERSI":{"UXX":""},"UDPR":{"AUTRESMONRELIG":""},"INSPUBMAJ":{"GRATUITPRECISER":""},"MAJINGENIE":{"DATEDERNIEREMAJ":"20171117"},"MISEAJOUR":{"MAELLE":""}},"dansCarnetVoyage":true,"Ouverture":""},"html":" \n \u003Cdiv id=\"CV-PRESTATAIRE-U-PCUPDL044V504152\" data-contexte-id=\"PRESTATAIRE|U|PCUPDL044V504152\" data-cle=\"U|PCUPDL044V504152\" class=\"fiche-liste\"\u003E\n    \n\n    \u003C!-- partie photo --\u003E\n    \u003Cdiv class=\"photo\"\u003E\t\t\t\t\t\t\t\t\t\t\t\t\t\t\t\t\t\t\t\t\t\n        \u003Cdiv class=\"cadre_photo_principale\"\u003E\t\t\n        \n            \t\t\t\t\t\n                    \u003Ca href=\"temple-protestant.html?origine=carnet#media\"\u003E\n                        \u003Cimg class=\"photo_principale\" alt=\"temple-saint-brevin\" src=\"https:\/\/www.saint-brevin.com\/medias\/images\/prestataires\/multitailles\/320x240_temple-saint-brevin-1040.jpg\" itemprop=\"image\"\u003E\n                    \u003C\/a\u003E\t\t\t\t\t\t\n                \n                    \u003C\/div\u003E\t\t\t\t\t\t\t\t\t\t\t\t\t\t\t\t\t\t\t \t\t\n    \u003C\/div\u003E\n    \n    \u003C!-- partie nom prest --\u003E\n    \u003Cdiv class=\"nom\"\u003E\n        \u003Ch2\u003ETemple protestant\u003C\/h2\u003E\n        \n            \u003C\/div\u003E\n\n         \n    \u003C!-- partie adresse --\u003E\n    \u003Cdiv class=\"adresse\"\u003E\n    \n          \n    \u003C\/div\u003E\n    \n    \u003C!-- partie liens --\u003E\n    \u003Cdiv class=\"liens\"\u003E\n            \u003Ca class=\"btn-icon btn-view \" title=\"Voir la fiche d\u00e9taill\u00e9e\" href=\"temple-protestant.html?origine=carnet\"\u003E\u003C\/a\u003E\u003C!--\u003Ca class=\"btn-icon btn-view \" title=\"\" href=\"?origine=carnet#thaut\"\u003E\u003C\/a\u003E--\u003E\n      \u003Ca class=\"btn-icon btn-trash carnet_voyage_supprimer\" title=\"Supprimer cette fiche de mon carnet de voyage\" href=\"carnet-voyage?action=remove&fiche=U|PCUPDL044V504152\"\u003E\u003C\/a\u003E\n    \u003C\/div\u003E\n\n\u003C\/div\u003E\n\n","icon":"https:\/\/static.ingenie.fr\/images\/carnetVoyageV3\/U.png"},"fiche":"U|PCUPDL044V504152","popup":"\u003Cdiv id=\"bloc_popup_ajout_fiche_carnet\"\u003E\n    \u003Cdiv class=\"info_popup_ajout_fiche_carnet\"\u003E\n        Vous venez d'ajouter cet \u00e9l\u00e9ment \u00e0 votre carnet de voyage :    \u003C\/div\u003E\n    \u003Cdiv class=\"prest_popup_ajout_fiche_carnet\"\u003E\n        Temple protestant    \u003C\/div\u003E\n    \u003Cdiv class=\"bloc_btn_ajout_fiche_carnet form_submit_div\"\u003E\n        \u003Cinput type=\"button\" value=\"Continuer ma s\u00e9lection\" title=\"Continuer ma s\u00e9lection\" name=\"btn_close\" class=\"btn_close_popup_carnet form_submit\" onclick=\"$.colorbox.close()\" \/\u003E\n        \u003Cinput type=\"button\" value=\"Voir mon carnet de voyage\" title=\"Voir mon carnet\" name=\"btn_panier\" class=\"btn_panier_popup_carnet form_submit\" onclick=\"if(typeof CarnetVoyage != 'undefined') {CarnetVoyage.voirCarnet();}\" \/\u003E\n    \u003C\/div\u003E\n    \u003Cdiv class=\"bloc_btn_ajout_fiche_carnet\"\u003E\n        \u003Cinput type=\"checkbox\" value=\"1\" name=\"desactiver_popup\" id=\"desactiver_popup\" \/\u003E\n        \u003Clabel for=\"desactiver_popup\"\u003ENe plus afficher ce message\u003C\/label\u003E\n    \u003C\/div\u003E\n\u003C\/div\u003E","success":1}

22 Allée du Temple

<div id="CV-PRESTATAIRE-U-PCUPDL044V504152" data-contexte-id="PRESTATAIRE|U|PCUPDL044V504152" data-cle="U|PCUPDL044V504152" class="fiche-liste">
    

    <!-- partie photo -->
    <div class="photo">																					
        <div class="cadre_photo_principale">		
        
            					
                    <a href="temple-protestant.html?origine=carnet#media">
                        <img class="photo_principale" alt="temple-saint-brevin" src="https://www.saint-brevin.com/medias/images/prestataires/multitailles/320x240_temple-saint-brevin-1040.jpg" itemprop="image">
                    </a>						
                
                    </div>																			 		
    </div>
    
    <!-- partie nom prest -->
    <div class="nom">
        <h2>Temple protestant</h2>
        
            </div>

         
    <!-- partie adresse -->
    <div class="adresse">
    
          
    </div>
    
    <!-- partie liens -->
    <div class="liens">
            <a class="btn-icon btn-view " title="Voir la fiche détaillée" href="temple-protestant.html?origine=carnet"></a><!--<a class="btn-icon btn-view " title="" href="?origine=carnet#thaut"></a>-->
      <a class="btn-icon btn-trash carnet_voyage_supprimer" title="Supprimer cette fiche de mon carnet de voyage" href="carnet-voyage?action=remove&fiche=U|PCUPDL044V504152"></a>
    </div>

</div>

<div id="bloc_popup_ajout_fiche_carnet">
    <div class="info_popup_ajout_fiche_carnet">
        Vous venez d'ajouter cet élément à votre carnet de voyage :    </div>
    <div class="prest_popup_ajout_fiche_carnet">
        Temple protestant    </div>
    <div class="bloc_btn_ajout_fiche_carnet form_submit_div">
        <input type="button" value="Continuer ma sélection" title="Continuer ma sélection" name="btn_close" class="btn_close_popup_carnet form_submit" onclick="$.colorbox.close()" />
        <input type="button" value="Voir mon carnet de voyage" title="Voir mon carnet" name="btn_panier" class="btn_panier_popup_carnet form_submit" onclick="if(typeof CarnetVoyage != 'undefined') {CarnetVoyage.voirCarnet();}" />
    </div>
    <div class="bloc_btn_ajout_fiche_carnet">
        <input type="checkbox" value="1" name="desactiver_popup" id="desactiver_popup" />
        <label for="desactiver_popup">Ne plus afficher ce message</label>
    </div>
</div>
