{"nbFiches":1,"dataPrest":{"infoPrest":{"pave1":{"libelle":"Slogan","contenu":""},"pave2":{"libelle":"Descriptif","contenu":"Notre salle peut accueillir jusqu&#39;&agrave;&nbsp;100 personnes, ce qui la rend id&eacute;ale pour une vari&eacute;t&eacute; d&#39;&eacute;v&eacute;nements, des mariages aux s&eacute;minaires d&#39;entreprise.&nbsp;\u003Cbr \/\u003E\r\nDisposant de&nbsp;240 m&sup2;&nbsp;au total, notre salle allie&nbsp;une entr&eacute;e et son vestiaire, une salle &agrave; manger&nbsp;de 100 m&sup2;,&nbsp;une piste de danse&nbsp;de 50 m&sup2;et&nbsp;son bar&nbsp;, une grande cuisine &eacute;quip&eacute;e, ainsi que des sanitaires H et F pratiques avec 1 table &agrave; langer dans chaque WC PMR.&nbsp;\u003Cbr \/\u003E\r\nNotre cuisine moderne&nbsp;est &eacute;quip&eacute;e d&rsquo;un r&eacute;frig&eacute;rateur, d&rsquo;un cong&eacute;lateur, d&#39;une plaque &agrave; induction professionnelle, d&rsquo;un four professionnel, d&rsquo;un espace de plonge avec lave-vaisselle professionnel, d&rsquo;un micro-onde et de tables de dressage."},"pave3":{"libelle":"","contenu":""},"pave4":{"libelle":"","contenu":""},"pave5":{"libelle":"","contenu":""},"pave6":{"libelle":"","contenu":""},"pave7":{"libelle":"","contenu":""},"pave8":{"libelle":"","contenu":""},"pave9":{"libelle":"","contenu":""},"pave10":{"libelle":"","contenu":""},"pave11":{"libelle":"","contenu":""},"pave12":{"libelle":"","contenu":""},"pave13":{"libelle":"","contenu":""},"pave14":{"libelle":"","contenu":""},"pave15":{"libelle":"","contenu":""},"pave16":{"libelle":"","contenu":""},"pave17":{"libelle":"","contenu":""},"pave18":{"libelle":"","contenu":""},"pave19":{"libelle":"","contenu":""},"pave20":{"libelle":"","contenu":""},"pave21":{"libelle":"","contenu":""},"pave22":{"libelle":"","contenu":""},"pave23":{"libelle":"","contenu":""},"pave24":{"libelle":"","contenu":""},"pave25":{"libelle":"","contenu":""},"Libelle":"Le Bel Air","Nom":"Le Bel Air","Prenom":"","NomPrenom":"Le Bel Air ","CiviliteNomPrenom":"Le Bel Air ","Cle":"SALLE|LEBELAIR","PrestataireParent":"","ContexteStat":"PRESTATAIRE-SALLE-LEBELAIR","DateModificationIso":"2026-03-04T14:14:00+01:00","Type":"PRESTATAIRE","TypePrestataire":"SALLE","Adresse":{"LigneAdresse1":"4 rue de Bel Air","LigneAdresse2":"","LigneAdresse3":"","CodePostal":"44320","Ville":"FROSSAY","Cedex":"","Etat":"","Pays":"FRA"},"Email":"lebelair44@hotmail.com","Telephone":"","TelephoneBureau":"","Portable":"06 98 62 20 32","SiteWeb":"https:\/\/www.lebelair44.fr\/","Fax":"","Id":"salle-lebelair","Code":"SALLE|LEBELAIR","Fichier":{"ByCategorie":{"DEFAUT":[{"url":"https:\/\/www.saint-brevin.com\/medias\/images\/info_menu\/defaut-presta-5-359.jpg","chemin":"..\/medias\/images\/info_menu\/defaut-presta-5-359.jpg","libelle":"defaut-presta-5-359","extension":"jpg","categorie":"IMGDEFAUTPRESTA","largeur":800,"theme":"","hauteur":533,"type":"Image","origine":"","liaisonPave":"","langue":"","id":"359","urlVignette":"https:\/\/www.saint-brevin.com\/medias\/images\/info_menu\/v-defaut-presta-5-359.jpg","alt":"defaut-presta-5-359","title":"defaut-presta-5-359","MultiTaille":{"1920x1440":{"url":"https:\/\/www.saint-brevin.com\/medias\/images\/info_menu\/multitailles\/1920x1440_defaut-presta-5-359.jpg"},"1200x900":{"url":"https:\/\/www.saint-brevin.com\/medias\/images\/info_menu\/multitailles\/1200x900_defaut-presta-5-359.jpg"},"800x600":{"url":"https:\/\/www.saint-brevin.com\/medias\/images\/info_menu\/multitailles\/800x600_defaut-presta-5-359.jpg"},"640x480":{"url":"https:\/\/www.saint-brevin.com\/medias\/images\/info_menu\/multitailles\/640x480_defaut-presta-5-359.jpg"},"320x240":{"url":"https:\/\/www.saint-brevin.com\/medias\/images\/info_menu\/multitailles\/320x240_defaut-presta-5-359.jpg"},"160x120":{"url":"https:\/\/www.saint-brevin.com\/medias\/images\/info_menu\/multitailles\/160x120_defaut-presta-5-359.jpg"},"origine":{"url":"https:\/\/www.saint-brevin.com\/medias\/images\/info_menu\/defaut-presta-5-359.jpg"}},"urlLien":"","typeLien":"|","nofollow":"N","copyright":""}]},"Image":[{"url":"https:\/\/www.saint-brevin.com\/medias\/images\/info_menu\/defaut-presta-5-359.jpg","chemin":"..\/medias\/images\/info_menu\/defaut-presta-5-359.jpg","libelle":"defaut-presta-5-359","extension":"jpg","categorie":"IMGDEFAUTPRESTA","largeur":800,"theme":"","hauteur":533,"type":"Image","origine":"","liaisonPave":"","langue":"","id":"359","urlVignette":"https:\/\/www.saint-brevin.com\/medias\/images\/info_menu\/v-defaut-presta-5-359.jpg","alt":"defaut-presta-5-359","title":"defaut-presta-5-359","MultiTaille":{"1920x1440":{"url":"https:\/\/www.saint-brevin.com\/medias\/images\/info_menu\/multitailles\/1920x1440_defaut-presta-5-359.jpg"},"1200x900":{"url":"https:\/\/www.saint-brevin.com\/medias\/images\/info_menu\/multitailles\/1200x900_defaut-presta-5-359.jpg"},"800x600":{"url":"https:\/\/www.saint-brevin.com\/medias\/images\/info_menu\/multitailles\/800x600_defaut-presta-5-359.jpg"},"640x480":{"url":"https:\/\/www.saint-brevin.com\/medias\/images\/info_menu\/multitailles\/640x480_defaut-presta-5-359.jpg"},"320x240":{"url":"https:\/\/www.saint-brevin.com\/medias\/images\/info_menu\/multitailles\/320x240_defaut-presta-5-359.jpg"},"160x120":{"url":"https:\/\/www.saint-brevin.com\/medias\/images\/info_menu\/multitailles\/160x120_defaut-presta-5-359.jpg"},"origine":{"url":"https:\/\/www.saint-brevin.com\/medias\/images\/info_menu\/defaut-presta-5-359.jpg"}},"urlLien":"","typeLien":"|","nofollow":"N","copyright":""}]},"Url":"le-bel-air.html","Localisation":{"GoogleMap":{"Latitude":"47.24498","Longitude":"-1.93053"}},"ZoneGeo":"","Criteres":{"NIVPARTENAIRE[REDUIT":"","LIEU[FROSSAY":"","COMMUNES[FROSSAY":"","DISTANCEMER[PLUSDE2KM":"","GROU[GROUOU":"","GROU[NBRMAX":"100","GROU[SEMINAIRE":"","GROU[BANQUET":"","GROU[LOCATIONSALLE":"","TDLTH[DHAACO":"","THANDI[WC":"","MAJINGENIE[DATEDERNIEREMAJ":"20250225","MISEAJOUR[AMANDINE":""},"DateFinPublication":"","PrixAPartirDe":"","PrixPour":"","FicheListeEnCours":"fiche_liste_salle_lieux_v2017_reduit","ParametresModele":{"AfficherPhotos":"0","NbPhotosMax":6,"AfficherReserver":0,"AfficherContact":0,"AfficherSalle":1,"AfficherZoneGeo":0,"AfficherEnSavoirPlus":"1","AfficherUneSeuleOuverture":0,"AfficherContactCarte":1,"AfficherTarifsChaudAPartirDe":0,"AfficherTarifChaudSansRecherche":0,"AfficherLiensCarnetVoyage":"0","Criteres":"NIVPARTENAIRE[REDUIT","TypePrestataire":"SALLE","ComportementResa":false,"ComportementDispo":false},"AffichageCoordonnees":[],"Coordonnees":{"Ville":"FROSSAY"},"ContexteId":"PRESTATAIRE|SALLE|LEBELAIR","ContexteIdHtml":"PRESTATAIRE-SALLE-LEBELAIR","cleContexte":"SALLE|LEBELAIR","Bloc":{"texte1":"","texte3":"","critere1":{"libelle":"","contenu":[]},"critere2":{"libelle":"","contenu":[]},"critere3":{"libelle":"","contenu":[]},"critere4":{"libelle":"","contenu":[]},"critere5":{"libelle":"","contenu":[]},"critere6":{"libelle":"","contenu":[]},"critere7":{"libelle":"","contenu":[]},"critere8":{"libelle":"","contenu":[]},"critere9":{"libelle":"","contenu":[]}},"LocalisationGps":{"Latitude":"47.24498","Longitude":"-1.93053"},"libelleDuPrestataire":"","listeCriteres":{"NIVPARTENAIRE":{"REDUIT":""},"LIEU":{"FROSSAY":""},"COMMUNES":{"FROSSAY":""},"DISTANCEMER":{"PLUSDE2KM":""},"GROU":{"GROUOU":"","NBRMAX":"100","SEMINAIRE":"","BANQUET":"","LOCATIONSALLE":""},"TDLTH":{"DHAACO":""},"THANDI":{"WC":""},"MAJINGENIE":{"DATEDERNIEREMAJ":"20250225"},"MISEAJOUR":{"AMANDINE":""}},"dansCarnetVoyage":true,"Ouverture":""},"html":" \n \u003Cdiv id=\"CV-PRESTATAIRE-SALLE-LEBELAIR\" data-contexte-id=\"PRESTATAIRE|SALLE|LEBELAIR\" data-cle=\"SALLE|LEBELAIR\" class=\"fiche-liste\"\u003E\n    \n\n    \u003C!-- partie photo --\u003E\n    \u003Cdiv class=\"photo\"\u003E\t\t\t\t\t\t\t\t\t\t\t\t\t\t\t\t\t\t\t\t\t\n        \u003Cdiv class=\"cadre_photo_principale\"\u003E\t\t\n        \n            \t\t\t\t\t\n                    \u003Ca href=\"le-bel-air.html?origine=carnet#media\"\u003E\n                        \u003Cimg class=\"photo_principale\" alt=\"defaut-presta-5-359\" src=\"https:\/\/www.saint-brevin.com\/medias\/images\/info_menu\/multitailles\/320x240_defaut-presta-5-359.jpg\" itemprop=\"image\"\u003E\n                    \u003C\/a\u003E\t\t\t\t\t\t\n                \n                    \u003C\/div\u003E\t\t\t\t\t\t\t\t\t\t\t\t\t\t\t\t\t\t\t \t\t\n    \u003C\/div\u003E\n    \n    \u003C!-- partie nom prest --\u003E\n    \u003Cdiv class=\"nom\"\u003E\n        \u003Ch2\u003ELe Bel Air\u003C\/h2\u003E\n        \n            \u003C\/div\u003E\n\n         \n    \u003C!-- partie adresse --\u003E\n    \u003Cdiv class=\"adresse\"\u003E\n    \n          \n    \u003C\/div\u003E\n    \n    \u003C!-- partie liens --\u003E\n    \u003Cdiv class=\"liens\"\u003E\n            \u003Ca class=\"btn-icon btn-view \" title=\"Voir la fiche d\u00e9taill\u00e9e\" href=\"le-bel-air.html?origine=carnet\"\u003E\u003C\/a\u003E\u003C!--\u003Ca class=\"btn-icon btn-view \" title=\"\" href=\"?origine=carnet#thaut\"\u003E\u003C\/a\u003E--\u003E\n      \u003Ca class=\"btn-icon btn-trash carnet_voyage_supprimer\" title=\"Supprimer cette fiche de mon carnet de voyage\" href=\"carnet-voyage?action=remove&fiche=SALLE|LEBELAIR\"\u003E\u003C\/a\u003E\n    \u003C\/div\u003E\n\n\u003C\/div\u003E\n\n","icon":"https:\/\/static.ingenie.fr\/images\/carnetVoyageV3\/SALLE.png"},"fiche":"SALLE|LEBELAIR","popup":"\u003Cdiv id=\"bloc_popup_ajout_fiche_carnet\"\u003E\n    \u003Cdiv class=\"info_popup_ajout_fiche_carnet\"\u003E\n        Vous venez d'ajouter cet \u00e9l\u00e9ment \u00e0 votre carnet de voyage :    \u003C\/div\u003E\n    \u003Cdiv class=\"prest_popup_ajout_fiche_carnet\"\u003E\n        Le Bel Air    \u003C\/div\u003E\n    \u003Cdiv class=\"bloc_btn_ajout_fiche_carnet form_submit_div\"\u003E\n        \u003Cinput type=\"button\" value=\"Continuer ma s\u00e9lection\" title=\"Continuer ma s\u00e9lection\" name=\"btn_close\" class=\"btn_close_popup_carnet form_submit\" onclick=\"$.colorbox.close()\" \/\u003E\n        \u003Cinput type=\"button\" value=\"Voir mon carnet de voyage\" title=\"Voir mon carnet\" name=\"btn_panier\" class=\"btn_panier_popup_carnet form_submit\" onclick=\"if(typeof CarnetVoyage != 'undefined') {CarnetVoyage.voirCarnet();}\" \/\u003E\n    \u003C\/div\u003E\n    \u003Cdiv class=\"bloc_btn_ajout_fiche_carnet\"\u003E\n        \u003Cinput type=\"checkbox\" value=\"1\" name=\"desactiver_popup\" id=\"desactiver_popup\" \/\u003E\n        \u003Clabel for=\"desactiver_popup\"\u003ENe plus afficher ce message\u003C\/label\u003E\n    \u003C\/div\u003E\n\u003C\/div\u003E","success":1}

<div id="CV-PRESTATAIRE-SALLE-LEBELAIR" data-contexte-id="PRESTATAIRE|SALLE|LEBELAIR" data-cle="SALLE|LEBELAIR" class="fiche-liste">
    

    <!-- partie photo -->
    <div class="photo">																					
        <div class="cadre_photo_principale">		
        
            					
                    <a href="le-bel-air.html?origine=carnet#media">
                        <img class="photo_principale" alt="defaut-presta-5-359" src="https://www.saint-brevin.com/medias/images/info_menu/multitailles/320x240_defaut-presta-5-359.jpg" itemprop="image">
                    </a>						
                
                    </div>																			 		
    </div>
    
    <!-- partie nom prest -->
    <div class="nom">
        <h2>Le Bel Air</h2>
        
            </div>

         
    <!-- partie adresse -->
    <div class="adresse">
    
          
    </div>
    
    <!-- partie liens -->
    <div class="liens">
            <a class="btn-icon btn-view " title="Voir la fiche détaillée" href="le-bel-air.html?origine=carnet"></a><!--<a class="btn-icon btn-view " title="" href="?origine=carnet#thaut"></a>-->
      <a class="btn-icon btn-trash carnet_voyage_supprimer" title="Supprimer cette fiche de mon carnet de voyage" href="carnet-voyage?action=remove&fiche=SALLE|LEBELAIR"></a>
    </div>

</div>

<div id="bloc_popup_ajout_fiche_carnet">
    <div class="info_popup_ajout_fiche_carnet">
        Vous venez d'ajouter cet élément à votre carnet de voyage :    </div>
    <div class="prest_popup_ajout_fiche_carnet">
        Le Bel Air    </div>
    <div class="bloc_btn_ajout_fiche_carnet form_submit_div">
        <input type="button" value="Continuer ma sélection" title="Continuer ma sélection" name="btn_close" class="btn_close_popup_carnet form_submit" onclick="$.colorbox.close()" />
        <input type="button" value="Voir mon carnet de voyage" title="Voir mon carnet" name="btn_panier" class="btn_panier_popup_carnet form_submit" onclick="if(typeof CarnetVoyage != 'undefined') {CarnetVoyage.voirCarnet();}" />
    </div>
    <div class="bloc_btn_ajout_fiche_carnet">
        <input type="checkbox" value="1" name="desactiver_popup" id="desactiver_popup" />
        <label for="desactiver_popup">Ne plus afficher ce message</label>
    </div>
</div>
